at is the remainder when 882 is divided by 13?
11
What is the remainder when 794 is divided by 110?
24
What is the remainder when 3905 is divided by 2?
1
Calculate the remainder when 454 is divided by 41.
3
Calculate the remainder when 1534 is divided by 7.
1
Calculate the remainder when 350 is divided by 44.
42
Calculate the remainder when 13 is divided by 6.
1
Calculate the remainder when 159 is divided by 48.
15
What is the remainder when 65 is divided by 28?
9
What is the remainder when 98 is divided by 26?
20
What is the remainder when 8037 is divided by 134?
131
Calculate the remainder when 369 is divided by 72.
9
What is the remainder when 1006 is divided by 496?
14
Calculate the remainder when 46 is divided by 22.
2
Calculate the remainder when 38 is divided by 20.
18
What is the remainder when 756 is divided by 23?
20
Calculate the remainder when 652 is divided by 641.
11
Calculate the remainder when 4847 is divided by 10.
7
Calculate the remainder when 56 is divided by 30.
26
Calculate the remainder when 264 is divided by 14.
12
What is the remainder when 793 is divided by 52?
13
What is the remainder when 1260 is divided by 399?
63
Calculate the remainder when 1885 is divided by 46.
45
What is the remainder when 4041 is divided by 254?
231
What is the remainder when 295 is divided by 18?
7
Calculate the remainder when 205 is divided by 66.
7
Calculate the remainder when 17498 is divided by 10.
8
What is the remainder when 60 is divided by 7?
4
What is the remainder when 1005 is divided by 493?
19
What is the remainder when 751 is divided by 64?
47
Calculate the remainder when 159 is divided by 27.
24
What is the remainder when 69 is divided by 17?
1
Calculate the remainder when 550 is divided by 23.
21
Calculate the remainder when 4550 is divided by 111.
110
Calculate the remainder when 616 is divided by 72.
40
Calculate the remainder when 208 is divided by 50.
8
Calculate the remainder when 751 is divided by 192.
175
What is the remainder when 413 is divided by 16?
13
What is the remainder when 1273 is divided by 160?
153
Calculate the remainder when 726 is divided by 161.
82
Calculate the remainder when 66 is divided by 20.
6
Calculate the remainder when 294 is divided by 23.
18
Calculate the remainder when 542 is divided by 68.
66
Calculate the remainder when 2698 is divided by 4.
2
Calculate the remainder when 97 is divided by 15.
7
What is the remainder when 157 is divided by 10?
7
What is the remainder when 282 is divided by 19?
16
Calculate the remainder when 321 is divided by 224.
97
Calculate the remainder when 83 is divided by 8.
3
What is the remainder when 197 is divided by 37?
12
What is the remainder when 414 is divided by 25?
14
What is the remainder when 600 is divided by 43?
41
Calculate the remainder when 933 is divided by 34.
15
What is the remainder when 4222 is divided by 325?
322
Calculate the remainder when 102 is divided by 7.
4
What is the remainder when 2018 is divided by 667?
17
What is the remainder when 153 is divided by 45?
18
Calculate the remainder when 240 is divided by 37.
18
Calculate the remainder when 484 is divided by 54.
52
What is the remainder when 34 is divided by 19?
15
What is the remainder when 325 is divided by 39?
13
Calculate the remainder when 1006 is divided by 12.
10
Calculate the remainder when 2489 is divided by 4.
1
What is the remainder when 2977 is divided by 9?
7
Calculate the remainder when 1322 is divided by 193.
164
Calculate the remainder when 297 is divided by 119.
59
Calculate the remainder when 181 is divided by 14.
13
Calculate the remainder when 11307 is divided by 22.
21
Calculate the remainder when 2097 is divided by 70.
67
What is the remainder when 36 is divided by 4?
0
Calculate the remainder when 2477 is divided by 35.
27
What is the remainder when 290 is divided by 35?
10
Calculate the remainder when 31 is divided by 17.
14
What is the remainder when 6 is divided by 4?
2
What is the remainder when 1066 is divided by 4?
2
Calculate the remainder when 433 is divided by 62.
61
What is the remainder when 793 is divided by 19?
14
What is the remainder when 7031 is divided by 67?
63
What is the remainder when 174 is divided by 63?
48
Calculate the remainder when 480 is divided by 157.
9
What is the remainder when 166 is divided by 5?
1
What is the remainder when 205 is divided by 42?
37
Calculate the remainder when 537 is divided by 67.
1
Calculate the remainder when 13 is divided by 8.
5
Calculate the remainder when 123 is divided by 44.
35
What is the remainder when 152 is divided by 11?
9
What is the remainder when 594 is divided by 55?
44
What is the remainder when 70 is divided by 24?
22
What is the remainder when 195 is divided by 55?
30
Calculate the remainder when 457 is divided by 107.
29
Calculate the remainder when 114 is divided by 62.
52
Calculate the remainder when 204 is divided by 23.
20
Calculate the remainder when 422 is divided by 13.
6
What is the remainder when 211 is divided by 53?
52
What is the remainder when 12040 is divided by 33?
28
What is the remainder when 7921 is divided by 139?
137
What is the remainder when 1579 is divided by 20?
19
Calculate the remainder when 409 is divided by 140.
129
Calculate the remainder when 1009 is divided by 76.
21
What is the remainder when 490 is divided by 124?
118
What is the remainder when 749 is divided by 15?
14
Calculate the remainder when 58 is divided by 22.
14
What is the remainder when 7004 is divided by 32?
28
Calculate the remainder when 988 is divided by 5.
3
Calculate the remainder when 1115 is divided by 26.
23
What is the remainder when 461 is divided by 454?
7
What is the remainder when 261 is divided by 12?
9
What is the remainder when 42 is divided by 12?
6
What is the remainder when 311 is divided by 155?
1
Calculate the remainder when 296 is divided by 75.
71
What is the remainder when 1189 is divided by 86?
71
Calculate the remainder when 1902 is divided by 36.
30
Calculate the remainder when 28 is divided by 7.
0
What is the remainder when 2717 is divided by 80?
77
Calculate the remainder when 230 is divided by 117.
113
Calculate the remainder when 3443 is divided by 314.
303
What is the remainder when 174 is divided by 8?
6
Calculate the remainder when 137 is divided by 49.
39
What is the remainder when 1280 is divided by 366?
182
Calculate the remainder when 796 is divided by 196.
12
What is the remainder when 4471 is divided by 63?
61
Calculate the remainder when 1223 is divided by 58.
5
What is the remainder when 3462 is divided by 50?
12
Calculate the remainder when 1298 is divided by 1289.
9
Calculate the remainder when 24745 is divided by 46.
43
What is the remainder when 252 is divided by 4?
0
Calculate the remainder when 612 is divided by 299.
14
Calculate the remainder when 556 is divided by 28.
24
Calculate the remainder when 129 is divided by 19.
15
What is the remainder when 1871 is divided by 494?
389
Calculate the remainder when 429 is divided by 8.
5
What is the remainder when 312 is divided by 45?
42
What is the remainder when 372 is divided by 38?
30
Calculate the remainder when 2460 is divided by 1223.
14
Calculate the remainder when 2657 is divided by 29.
18
What is the remainder when 39 is divided by 12?
3
What is the remainder when 103 is divided by 78?
25
Calculate the remainder when 92 is divided by 3.
2
What is the remainder when 1250 is divided by 14?
4
Calculate the remainder when 142 is divided by 12.
10
What is the remainder when 350 is divided by 39?
38
Calculate the remainder when 238 is divided by 20.
18
Calculate the remainder when 76 is divided by 4.
0
What is the remainder when 187 is divided by 24?
19
What is the remainder when 56 is divided by 25?
6
Calculate the remainder when 238 is divided by 216.
22
What is the remainder when 230 is divided by 13?
9
What is the remainder when 194 is divided by 91?
12
Calculate the remainder when 54 is divided by 20.
14
Calculate the remainder when 730 is divided by 353.
24
What is the remainder when 498 is divided by 121?
14
Calculate the remainder when 78 is divided by 14.
8
What is the remainder when 280 is divided by 90?
10
What is the remainder when 2009 is divided by 28?
21
What is the remainder when